82 + (72 - 165) - ((-1 - -1) + -36).
25
What is -6 - (14 + (7 - 32 - -17) - -20)?
-32
What is the value of -42 - (3 + 10 + -32 + (63 - 56))?
-30
What is the value of 48 + -30 + 7 + (4 - (9 - -5)) - 103?
-88
What is -42 + (-24 - (-21 + -8))?
-37
Evaluate -9 + (57 - -6) + -6 + 4 + 8 + -2.
58
What is -16 - (-12 + -3 + 2) - (17 + -28)?
8
What is 15 + -7 + -54 + (6 - 17)?
-57
Evaluate 14 + (3 - 9 - -7) + -13 + -15 + -2.
-15
Calculate (-45 - -87) + 5 + -22 + -6.
19
Evaluate 129 + -163 + 75 + 18.
59
What is the value of 15 + -13 - (-22 + 10 + (-15 - 0 - 5))?
34
-20 - (85 + -84 - 56)
35
What is 12 + -11 + 11 - (17 + 5 - -32)?
-42
What is 10 + -3 + -6 - -48 - 6?
43
Evaluate 46 - (57 - (18 - -11)).
18
What is -5 + 17 - (-222 - -208 - (7 + 0))?
33
What is -120 + (35 + -7 - 32) - -20?
-104
What is (46 - -1) + (-67 - -75)?
55
Calculate (-14 - -99) + (-10 + 14 - 10 - 1).
78
Calculate -36 - (21 - 41) - ((-3 - -11) + 1).
-25
5 + 0 + (-609 - -635) + (1 - -2)
34
Evaluate -23 + 28 + (-70 - -83).
18
Calculate (-56 - (-13 - 45)) + -14.
-12
Evaluate (-101 - (24 - 58)) + -30 + 9.
-88
(-36 - 40 - -121) + -55
-10
Calculate (1 - 15 - (942 + -902)) + (11 - (0 + -1)).
-42
Evaluate 3 - 25 - (-101 + 63 + 35).
-19
Evaluate (13 + 2 - 0 - 0 - 14) + 8.
9
Calculate (-1 + -21 - -10) + (-25 - 0).
-37
Calculate -12 - (-34 + -98 + 91).
29
What is 0 + 16 + (-20 - (5 - -8 - (1 + 30)))?
14
What is (-1 - -14) + (-71 + 56 - (-8 + -5))?
11
Calculate (7 - -28) + 0 + -14 + (31 - 33).
19
What is the value of -11 - (-4 - 5) - 41 - (-3 + 1)?
-41
Calculate (-1 - (2 - 11)) + -1 + -9 + (17 - 13).
2
Evaluate 44 - (-1 + -20 + 41).
24
Calculate (0 - 8 - -1) + 56 + 6 - 6 - -5.
54
Evaluate -1 - (-1 + -16 + 29 + -2).
-11
What is -53 + (117 - 147) + 179?
96
-30 - (41 + (10 - 57))
-24
What is (40 - 1) + -50 - -9?
-2
(59 - 21) + 158 + -213
-17
What is -21 - (12 - 42) - (5 + 47)?
-43
What is the value of (13 - 51) + 28 - 7?
-17
What is 38 - (4 - 3) - (-9395 - -9499)?
-67
Evaluate -10 + (2 - 3 - -1) + 117 - 23.
84
Calculate 3 - 5 - 25 - (1 - 3).
-25
Calculate -3 - 8 - ((-30 - -55) + -12).
-24
61 + (-13 - -89 - 204)
-67
What is the value of (4 - -11 - (-75 + 103)) + -106 + 1 - 8?
-126
What is the value of 49 + (9 - ((9 - 11 - -15) + 6))?
39
What is (2 - 4) + -22 - (-37 - (-1 - 28)) - 12?
-28
Evaluate (-19 + -18 - (-2 + -10)) + -5.
-30
Evaluate 1 + 10 - (28 - (16 - (-15 - -26))).
-12
Evaluate 27 + ((7 - -30) + -21 - -5).
48
What is -23 + 9 + -19 + 12 - 5?
-26
What is the value of -7 + (-1 - -42) + -26 - -129?
137
Evaluate -6 + (-299 - -111) + 89.
-105
Calculate 32 - (20 + 35 - 36).
13
Calculate (43 - 13) + 29 + -12 + -22.
25
What is -3 + (-15 - ((0 - (1 - 1)) + (320 - 315)))?
-23
What is the value of (20 - 58) + 17 - -10 - 18?
-29
What is 5 + (54 - 50 - (-28 - 1))?
38
Evaluate -8 + 12 + -15 + 20 + 0.
9
Evaluate -251 + 235 + (51 + -55 - (-14 + 1)).
-7
Evaluate -15 + (-11 - (-10 - -28) - -17).
-27
(1 + 1 - 43 - (-31 + 22 + 18)) + -4
-54
Evaluate (0 + -2 - -19) + -202 + 198 - 7.
6
Evaluate 23 + 17 + -90 + 29.
-21
What is 127 + -29 + -48 - 86?
-36
Evaluate -27 + (15 + -4 - 18) + 35.
1
-4 - ((-4 - -5) + 8) - -18 - -5
10
29 - (-7 + (18 - 21) + -5)
44
Evaluate (12 - (14 + 8 + -10 - -7)) + 84.
77
What is 2 - -4 - (-3308 - -3301)?
13
What is -30 + (-36 - -56) + (16 - (3 + -4))?
7
What is the value of -404 + 418 - (-9 - -17)?
6
What is 77 + (12 - 54) + 51?
86
-82 - (199 + -100 + -91)
-90
Calculate 74 - 59 - ((87 - -4) + (3 - 13)).
-66
(-5 + 9 - 2) + -63 + 8 + (13 - 21)
-61
Evaluate -21 - (-1 + 72 - 31).
-61
What is the value of (-13 - 4) + 26 + (-33 - (0 - 0))?
-24
Calculate -20 - (4 - (6 - -11) - (-27 + 42)).
8
What is 48 + 0 + -1 + (1 + 1 - -7 - 0)?
56
Evaluate -7 + 50 + -44 - (-4 + 10 - 44).
37
What is the value of -2 + 13 - ((-4 - -110) + -39)?
-56
What is the value of -75 - -15 - (-30 - (-15 - 14))?
-59
What is the value of -51 + 50 + (22 - 4) + -62?
-45
Evaluate -82 - (16 + 38 - 236).
100
What is -12 + -3 - (100 - 332 - -89)?
128
Calculate (0 - (2 + -3)) + -8 + 9.
2
What is the value of 23 + (1 + -4 - (-25 + 74 + -2))?
-27
Calculate -9 + 23 - (10 - 0) - 4 - 102.
-102
What is (-963 - -1004) + 4 + -3 + -5?
37
Evaluate 100 + -3 + 7662 + -7802.
-43
Calculate 11 + 7 + -1 + (-124 - -30).
-77
Evaluate 2 + 6 + -31 - (-1 + -10).
-12
What is -70 + (35 - (-63 - -23))?
5
What is the value of 5 + -8 + 94 - (-31 + 100 + -61)?
83
Calculate 15 + -2 + -142 - (-31 - -26) - (1 + 1).
-126
What is the value of 87 + (-49 - (110 - -33))?
-105
Evaluate -5 + (-88 + 188 - 28).
67
What is 55 + 5 + -32 - (92 + 39)?
-103
What is (45 - (-29 - -46)) + (-1 - 59)?
-32
What is 0 + 8 - (35 - (77 - 51))?
-1
Evaluate -1 + (6 - -11) + 7 + (-69 - -25).
-21
7 - (63 + -66 - 37)
47
What is 33 - (-50 - -119) - 57?
-93
2228 + -2230 - (18 + 1 - 2)
-19
(1 - -19) + -1211 + 1161
-30
Calculate (-18 - (-1 - 1) - (393 - 412)) + -56 + 1.
-52
Calculate (9 + -12 + -7 - -6) + (-21 - 92) + 14.
-103
What is the value of (-36 - -95) + -138 - -46?
-33
Evaluate -3 + 60 + -65 + (3 - -20).
15
Evaluate 1 - 2 - (36 - ((-8 - 10) + 25)).
-30
Calculate -122 - (208 + -115 - 232).
17
Evaluate (2 + 72 - 183) + -3 + -2 + 5 + 14.
-95
-58 + -4 + -7 + (32 - 5)
-42
What is the value of 105 + -176 + (6 - (-11 + 25))?
-79
Calculate (9 + -5 - 31) + (24 - (35 - 21)).
-17
What is the value of 47 - 1 - ((-9 - (-14 + 9 + 13)) + 17)?
46
What is the value of 23 + -28 - (8 - (16 - -2) - -6)?
-1
1 + -24 + 13 + 54
44
-33 - -72 - -21 - ((-2 - -1) + 1 - -13)
47
-11 + 1 + 43 + (12 + 0 - (9 - 2))
38
Calculate (12 + 46 - 29) + -35.
-6
What is -11 - (-2 + 7) - (-2 + 28 - 107)?
65
What is the value of (6 - 7) + (0 - -2) - -3 - -10?
14
What is the value of (14797 - 14739) + (1 - 134)?
-75
Evaluate -43 + (38 - 52) + 19 + 47.
9
(-717 - -707) + (-4 - 2)
-16
Evaluate 12 + (-63 - -52 - (-7 - -4 - 2 - -4)).
2
What is 17 + -14 + -9 + 28 + -75?
-53
-9 + 1 + (-3 + 10 - 2) + 4
1
Evaluate 27 + 41 + -15 - (-2 - -9).
46
Calculate (-9 + -94 - (-14 - -27)) + (18 - (6 - 0)).
-104
What is 93 + -92 + 62 + -66?
-3
-14 + -6 + -23 - -51
8
Calculate -1 + (2 - -7) - (-7 - (7 + 8 + -5)).
25
What is the value of 21 + -14 + -14 - (29 + -51)?
15
Calculate 0 - -10 - (-124 + (18 - 9 - 18) + 0).
143
Evaluate 2 - (-115 + 376 + -136).
-123
What is the value of (0 - -3) + (15 - (11 - (11 + -9 + -10)))?
-1
Calculate -1 + -4 - (15 + -19 + -3) - (-1 - 18).
21
-193 + 192 + (-5 - (-2 + 5)) - -55
46
What is the value of 102 + (64 - (121 + -18))?
63
Evaluate -5 + (6 - 1 - 3) + 3139 + -3186.
-50
What is 0 + 21 + 655 + -656 - 30?
-10
(-18 - ((-7 - -7) + -18 + 9)) + 7 + 20
18
What is the value of (-1242 - -1224) + 0 + 1?
-17
Evaluate (1 - 3) + -24 + (4 + -71 - -3 - -56).
-34
What is (1 - 4) + -93 - (-25 + (45 - 33))?
-83
What is the value of -35 + -14 - -59 - ((3 - -4) + -1) - -132?
136
What is -13 + 123 - 7 - (-10 + (25 - 19))?
107
What is the value of (4 - (3 + -7 + 7) - 5) + (75 - 65)?
6
What is the value of (3 + -4 - -6) + 45 + -43 - 15 - -38?
30
Evaluate 568 + -592 + 1 + 45.
22
-42 + -1 + (-17 - 1 - (-29 + 34 + -29))
-37
1 - -2 - (15 + -5 - (-4 - -2) - 42)
33
Calculate (-3 - 3) + (44 + 11 + -29 - 8).
12
-23 + (102 + 82 - 103)
58
What is the value of 22 - (-22 - 1 - 38) - 19?
64
Calculate (10 + 16 - 3) + (10 - -5) + -84.
-46
What is the value of 136 + (77 - -74) + -242?
45
Evaluate (14 - 112) + 49 + 28.
-21
Evaluate 23 + (-515 - -637) + (2 - 36).
111
What is the value of (2 + -11 - -15) + 2 - 18 - (88 - -2)?
-100
Calculate 0 - 29 - (-647 - -621) - 2.
-5
-5 - -2 - 2 - (-66 + (-14 - -5) + 19)
51
What is the value of 1 + 23 - -5 - 54 - -14?
-11
Calculate 33 + (-59 - (-27 + 1)).
0
What is the value of (-293 - -342) + (-6 - 4 - -2)?
41
Calculate (-62 - -25) + 30 - -54.
47
143 + -115 + -31 + -1 + -12
-16
Calculate -20 - -3 - (4 + 4 + -39 - 66).
80
Calculate 1 - (-1 + (-43 - -2)) - (103 + -17 + -76).
33
Calculate 1 + -6 + (-3 - 4) + -19.
-31
Calculate (2 - (-3 - -1)) + -1 - -9 - (-6529 - -6468).
73
Evaluate 56 - (30 - -1) - (-1 + 7).
19
What is 174 + -65 - 237 - -29?
-99
What is -31 - -12 - -25 - 51 - -5?
-40
What is the value of (2 - -4) + -134 + 82 + 97?
51
-40 - (-33 - (-36 - (-9 - 8)))
-26
(-7 - (7 - 15)) + -3 + (-8 - -25)
15
-21 + (-33 - -39) + (1 - -5) + -83
-92
What is -19 - (-288 + 271 + (-2 - 12))?
12
Calculate -114 + (81 - (254 - 149))